{"id":5006,"date":"2024-02-04T12:42:57","date_gmt":"2024-02-04T11:42:57","guid":{"rendered":"https:\/\/olotgironalloret.org\/associats\/taxis-i-microbusos-balliu\/"},"modified":"2024-02-04T12:44:51","modified_gmt":"2024-02-04T11:44:51","slug":"taxis-i-microbusos-balliu","status":"publish","type":"associats","link":"https:\/\/olotgironalloret.org\/es\/associats\/taxis-i-microbusos-balliu\/","title":{"rendered":"Taxis i microbusos Balliu"},"content":{"rendered":"<p>Taxis y Microbuses Balliu S.L. es un peque\u00f1o negocio familiar fundado en abril de 1996 por Salvador Balliu y Miquel Balliu; donde su inter\u00e9s por el mundo del transporte se inici\u00f3 gracias a sus padres: Salvador Balliu y Matilda Torroella, que compraron el primer taxi hace m\u00e1s de 60 a\u00f1os.<br \/>\nDe ah\u00ed sus hijos pudieron ver que el transporte de viajeros era una necesidad que deb\u00eda poder cubrirse la demanda.<br \/>\nActualmente disponen de una moderna y confortable flota de veh\u00edculos, con todas las prestaciones, equipamiento y acabados de lujo para todo tipo de traslados. Ofrecen servicios privados de taxi, minibuses, servicios VIP en aeropuertos, hoteles, campos de golf, convenciones y otros.<\/p>\n","protected":false},"featured_media":5419,"template":"","categoria-associat":[62],"zona":[37],"class_list":["post-5006","associats","type-associats","status-publish","has-post-thumbnail","hentry","categoria-associat-servicios-especializados","zona-girona-es"],"yoast_head":"<!-- This site is optimized with the Yoast SEO plugin v27.5 - https:\/\/yoast.com\/product\/yoast-seo-wordpress\/ -->\n<title>Taxis i microbusos Balliu - OGL Meetings<\/title>\n<meta name=\"robots\" content=\"index, follow, max-snippet:-1, max-image-preview:large, max-video-preview:-1\" \/>\n<link rel=\"canonical\" href=\"https:\/\/olotgironalloret.org\/es\/associats\/taxis-i-microbusos-balliu\/\" \/>\n<meta property=\"og:locale\" content=\"es_ES\" \/>\n<meta property=\"og:type\" content=\"article\" \/>\n<meta property=\"og:title\" content=\"Taxis i microbusos Balliu - OGL Meetings\" \/>\n<meta property=\"og:description\" content=\"Taxis y Microbuses Balliu S.L. es un peque\u00f1o negocio familiar fundado en abril de 1996 por Salvador Balliu y Miquel Balliu; donde su inter\u00e9s por el mundo del transporte se inici\u00f3 gracias a sus padres: Salvador Balliu y Matilda Torroella, que compraron el primer taxi hace m\u00e1s de 60 a\u00f1os. De ah\u00ed sus hijos pudieron [&hellip;]\" \/>\n<meta property=\"og:url\" content=\"https:\/\/olotgironalloret.org\/es\/associats\/taxis-i-microbusos-balliu\/\" \/>\n<meta property=\"og:site_name\" content=\"OGL Meetings\" \/>\n<meta property=\"article:modified_time\" content=\"2024-02-04T11:44:51+00:00\" \/>\n<meta name=\"twitter:card\" content=\"summary_large_image\" \/>\n<meta name=\"twitter:label1\" content=\"Tiempo de lectura\" \/>\n\t<meta name=\"twitter:data1\" content=\"1 minuto\" \/>\n<script type=\"application\/ld+json\" class=\"yoast-schema-graph\">{\"@context\":\"https:\\\/\\\/schema.org\",\"@graph\":[{\"@type\":\"WebPage\",\"@id\":\"https:\\\/\\\/olotgironalloret.org\\\/es\\\/associats\\\/taxis-i-microbusos-balliu\\\/\",\"url\":\"https:\\\/\\\/olotgironalloret.org\\\/es\\\/associats\\\/taxis-i-microbusos-balliu\\\/\",\"name\":\"Taxis i microbusos Balliu - OGL Meetings\",\"isPartOf\":{\"@id\":\"https:\\\/\\\/olotgironalloret.org\\\/es\\\/#website\"},\"primaryImageOfPage\":{\"@id\":\"https:\\\/\\\/olotgironalloret.org\\\/es\\\/associats\\\/taxis-i-microbusos-balliu\\\/#primaryimage\"},\"image\":{\"@id\":\"https:\\\/\\\/olotgironalloret.org\\\/es\\\/associats\\\/taxis-i-microbusos-balliu\\\/#primaryimage\"},\"thumbnailUrl\":\"https:\\\/\\\/olotgironalloret.org\\\/wp-content\\\/uploads\\\/2024\\\/02\\\/Rolls-Royce-2.jpeg\",\"datePublished\":\"2024-02-04T11:42:57+00:00\",\"dateModified\":\"2024-02-04T11:44:51+00:00\",\"breadcrumb\":{\"@id\":\"https:\\\/\\\/olotgironalloret.org\\\/es\\\/associats\\\/taxis-i-microbusos-balliu\\\/#breadcrumb\"},\"inLanguage\":\"es\",\"potentialAction\":[{\"@type\":\"ReadAction\",\"target\":[\"https:\\\/\\\/olotgironalloret.org\\\/es\\\/associats\\\/taxis-i-microbusos-balliu\\\/\"]}]},{\"@type\":\"ImageObject\",\"inLanguage\":\"es\",\"@id\":\"https:\\\/\\\/olotgironalloret.org\\\/es\\\/associats\\\/taxis-i-microbusos-balliu\\\/#primaryimage\",\"url\":\"https:\\\/\\\/olotgironalloret.org\\\/wp-content\\\/uploads\\\/2024\\\/02\\\/Rolls-Royce-2.jpeg\",\"contentUrl\":\"https:\\\/\\\/olotgironalloret.org\\\/wp-content\\\/uploads\\\/2024\\\/02\\\/Rolls-Royce-2.jpeg\",\"width\":1021,\"height\":680},{\"@type\":\"BreadcrumbList\",\"@id\":\"https:\\\/\\\/olotgironalloret.org\\\/es\\\/associats\\\/taxis-i-microbusos-balliu\\\/#breadcrumb\",\"itemListElement\":[{\"@type\":\"ListItem\",\"position\":1,\"name\":\"Inici\",\"item\":\"https:\\\/\\\/olotgironalloret.org\\\/es\\\/inicio\\\/\"},{\"@type\":\"ListItem\",\"position\":2,\"name\":\"Associats\",\"item\":\"https:\\\/\\\/olotgironalloret.org\\\/es\\\/associats\\\/\"},{\"@type\":\"ListItem\",\"position\":3,\"name\":\"Taxis i microbusos Balliu\"}]},{\"@type\":\"WebSite\",\"@id\":\"https:\\\/\\\/olotgironalloret.org\\\/es\\\/#website\",\"url\":\"https:\\\/\\\/olotgironalloret.org\\\/es\\\/\",\"name\":\"OGL Meetings\",\"description\":\"MICE \\\/ Reunions Projecte Olot Girona Lloret\",\"potentialAction\":[{\"@type\":\"SearchAction\",\"target\":{\"@type\":\"EntryPoint\",\"urlTemplate\":\"https:\\\/\\\/olotgironalloret.org\\\/es\\\/?s={search_term_string}\"},\"query-input\":{\"@type\":\"PropertyValueSpecification\",\"valueRequired\":true,\"valueName\":\"search_term_string\"}}],\"inLanguage\":\"es\"}]}<\/script>\n<!-- \/ Yoast SEO plugin. -->","yoast_head_json":{"title":"Taxis i microbusos Balliu - OGL Meetings","robots":{"index":"index","follow":"follow","max-snippet":"max-snippet:-1","max-image-preview":"max-image-preview:large","max-video-preview":"max-video-preview:-1"},"canonical":"https:\/\/olotgironalloret.org\/es\/associats\/taxis-i-microbusos-balliu\/","og_locale":"es_ES","og_type":"article","og_title":"Taxis i microbusos Balliu - OGL Meetings","og_description":"Taxis y Microbuses Balliu S.L. es un peque\u00f1o negocio familiar fundado en abril de 1996 por Salvador Balliu y Miquel Balliu; donde su inter\u00e9s por el mundo del transporte se inici\u00f3 gracias a sus padres: Salvador Balliu y Matilda Torroella, que compraron el primer taxi hace m\u00e1s de 60 a\u00f1os. De ah\u00ed sus hijos pudieron [&hellip;]","og_url":"https:\/\/olotgironalloret.org\/es\/associats\/taxis-i-microbusos-balliu\/","og_site_name":"OGL Meetings","article_modified_time":"2024-02-04T11:44:51+00:00","twitter_card":"summary_large_image","twitter_misc":{"Tiempo de lectura":"1 minuto"},"schema":{"@context":"https:\/\/schema.org","@graph":[{"@type":"WebPage","@id":"https:\/\/olotgironalloret.org\/es\/associats\/taxis-i-microbusos-balliu\/","url":"https:\/\/olotgironalloret.org\/es\/associats\/taxis-i-microbusos-balliu\/","name":"Taxis i microbusos Balliu - OGL Meetings","isPartOf":{"@id":"https:\/\/olotgironalloret.org\/es\/#website"},"primaryImageOfPage":{"@id":"https:\/\/olotgironalloret.org\/es\/associats\/taxis-i-microbusos-balliu\/#primaryimage"},"image":{"@id":"https:\/\/olotgironalloret.org\/es\/associats\/taxis-i-microbusos-balliu\/#primaryimage"},"thumbnailUrl":"https:\/\/olotgironalloret.org\/wp-content\/uploads\/2024\/02\/Rolls-Royce-2.jpeg","datePublished":"2024-02-04T11:42:57+00:00","dateModified":"2024-02-04T11:44:51+00:00","breadcrumb":{"@id":"https:\/\/olotgironalloret.org\/es\/associats\/taxis-i-microbusos-balliu\/#breadcrumb"},"inLanguage":"es","potentialAction":[{"@type":"ReadAction","target":["https:\/\/olotgironalloret.org\/es\/associats\/taxis-i-microbusos-balliu\/"]}]},{"@type":"ImageObject","inLanguage":"es","@id":"https:\/\/olotgironalloret.org\/es\/associats\/taxis-i-microbusos-balliu\/#primaryimage","url":"https:\/\/olotgironalloret.org\/wp-content\/uploads\/2024\/02\/Rolls-Royce-2.jpeg","contentUrl":"https:\/\/olotgironalloret.org\/wp-content\/uploads\/2024\/02\/Rolls-Royce-2.jpeg","width":1021,"height":680},{"@type":"BreadcrumbList","@id":"https:\/\/olotgironalloret.org\/es\/associats\/taxis-i-microbusos-balliu\/#breadcrumb","itemListElement":[{"@type":"ListItem","position":1,"name":"Inici","item":"https:\/\/olotgironalloret.org\/es\/inicio\/"},{"@type":"ListItem","position":2,"name":"Associats","item":"https:\/\/olotgironalloret.org\/es\/associats\/"},{"@type":"ListItem","position":3,"name":"Taxis i microbusos Balliu"}]},{"@type":"WebSite","@id":"https:\/\/olotgironalloret.org\/es\/#website","url":"https:\/\/olotgironalloret.org\/es\/","name":"OGL Meetings","description":"MICE \/ Reunions Projecte Olot Girona Lloret","potentialAction":[{"@type":"SearchAction","target":{"@type":"EntryPoint","urlTemplate":"https:\/\/olotgironalloret.org\/es\/?s={search_term_string}"},"query-input":{"@type":"PropertyValueSpecification","valueRequired":true,"valueName":"search_term_string"}}],"inLanguage":"es"}]}},"_links":{"self":[{"href":"https:\/\/olotgironalloret.org\/es\/wp-json\/wp\/v2\/associats\/5006","targetHints":{"allow":["GET"]}}],"collection":[{"href":"https:\/\/olotgironalloret.org\/es\/wp-json\/wp\/v2\/associats"}],"about":[{"href":"https:\/\/olotgironalloret.org\/es\/wp-json\/wp\/v2\/types\/associats"}],"wp:featuredmedia":[{"embeddable":true,"href":"https:\/\/olotgironalloret.org\/es\/wp-json\/wp\/v2\/media\/5419"}],"wp:attachment":[{"href":"https:\/\/olotgironalloret.org\/es\/wp-json\/wp\/v2\/media?parent=5006"}],"wp:term":[{"taxonomy":"categoria-associat","embeddable":true,"href":"https:\/\/olotgironalloret.org\/es\/wp-json\/wp\/v2\/categoria-associat?post=5006"},{"taxonomy":"zona","embeddable":true,"href":"https:\/\/olotgironalloret.org\/es\/wp-json\/wp\/v2\/zona?post=5006"}],"curies":[{"name":"wp","href":"https:\/\/api.w.org\/{rel}","templated":true}]}}

<p>Taxis y Microbuses Balliu S.L. es un pequeño negocio familiar fundado en abril de 1996 por Salvador Balliu y Miquel Balliu; donde su interés por el mundo del transporte se inició gracias a sus padres: Salvador Balliu y Matilda Torroella, que compraron el primer taxi hace más de 60 años.<br />
De ahí sus hijos pudieron ver que el transporte de viajeros era una necesidad que debía poder cubrirse la demanda.<br />
Actualmente disponen de una moderna y confortable flota de vehículos, con todas las prestaciones, equipamiento y acabados de lujo para todo tipo de traslados. Ofrecen servicios privados de taxi, minibuses, servicios VIP en aeropuertos, hoteles, campos de golf, convenciones y otros.</p>

<!-- This site is optimized with the Yoast SEO plugin v27.5 - https://yoast.com/product/yoast-seo-wordpress/ -->
<title>Taxis i microbusos Balliu - OGL Meetings</title>
<meta name="robots" content="index, follow, max-snippet:-1, max-image-preview:large, max-video-preview:-1" />
<link rel="canonical" href="https://olotgironalloret.org/es/associats/taxis-i-microbusos-balliu/" />
<meta property="og:locale" content="es_ES" />
<meta property="og:type" content="article" />
<meta property="og:title" content="Taxis i microbusos Balliu - OGL Meetings" />
<meta property="og:description" content="Taxis y Microbuses Balliu S.L. es un pequeño negocio familiar fundado en abril de 1996 por Salvador Balliu y Miquel Balliu; donde su interés por el mundo del transporte se inició gracias a sus padres: Salvador Balliu y Matilda Torroella, que compraron el primer taxi hace más de 60 años. De ahí sus hijos pudieron [&hellip;]" />
<meta property="og:url" content="https://olotgironalloret.org/es/associats/taxis-i-microbusos-balliu/" />
<meta property="og:site_name" content="OGL Meetings" />
<meta property="article:modified_time" content="2024-02-04T11:44:51+00:00" />
<meta name="twitter:card" content="summary_large_image" />
<meta name="twitter:label1" content="Tiempo de lectura" />
	<meta name="twitter:data1" content="1 minuto" />
<script type="application/ld+json" class="yoast-schema-graph">{"@context":"https:\/\/schema.org","@graph":[{"@type":"WebPage","@id":"https:\/\/olotgironalloret.org\/es\/associats\/taxis-i-microbusos-balliu\/","url":"https:\/\/olotgironalloret.org\/es\/associats\/taxis-i-microbusos-balliu\/","name":"Taxis i microbusos Balliu - OGL Meetings","isPartOf":{"@id":"https:\/\/olotgironalloret.org\/es\/#website"},"primaryImageOfPage":{"@id":"https:\/\/olotgironalloret.org\/es\/associats\/taxis-i-microbusos-balliu\/#primaryimage"},"image":{"@id":"https:\/\/olotgironalloret.org\/es\/associats\/taxis-i-microbusos-balliu\/#primaryimage"},"thumbnailUrl":"https:\/\/olotgironalloret.org\/wp-content\/uploads\/2024\/02\/Rolls-Royce-2.jpeg","datePublished":"2024-02-04T11:42:57+00:00","dateModified":"2024-02-04T11:44:51+00:00","breadcrumb":{"@id":"https:\/\/olotgironalloret.org\/es\/associats\/taxis-i-microbusos-balliu\/#breadcrumb"},"inLanguage":"es","potentialAction":[{"@type":"ReadAction","target":["https:\/\/olotgironalloret.org\/es\/associats\/taxis-i-microbusos-balliu\/"]}]},{"@type":"ImageObject","inLanguage":"es","@id":"https:\/\/olotgironalloret.org\/es\/associats\/taxis-i-microbusos-balliu\/#primaryimage","url":"https:\/\/olotgironalloret.org\/wp-content\/uploads\/2024\/02\/Rolls-Royce-2.jpeg","contentUrl":"https:\/\/olotgironalloret.org\/wp-content\/uploads\/2024\/02\/Rolls-Royce-2.jpeg","width":1021,"height":680},{"@type":"BreadcrumbList","@id":"https:\/\/olotgironalloret.org\/es\/associats\/taxis-i-microbusos-balliu\/#breadcrumb","itemListElement":[{"@type":"ListItem","position":1,"name":"Inici","item":"https:\/\/olotgironalloret.org\/es\/inicio\/"},{"@type":"ListItem","position":2,"name":"Associats","item":"https:\/\/olotgironalloret.org\/es\/associats\/"},{"@type":"ListItem","position":3,"name":"Taxis i microbusos Balliu"}]},{"@type":"WebSite","@id":"https:\/\/olotgironalloret.org\/es\/#website","url":"https:\/\/olotgironalloret.org\/es\/","name":"OGL Meetings","description":"MICE \/ Reunions Projecte Olot Girona Lloret","potentialAction":[{"@type":"SearchAction","target":{"@type":"EntryPoint","urlTemplate":"https:\/\/olotgironalloret.org\/es\/?s={search_term_string}"},"query-input":{"@type":"PropertyValueSpecification","valueRequired":true,"valueName":"search_term_string"}}],"inLanguage":"es"}]}</script>
<!-- / Yoast SEO plugin. -->

Taxis y Microbuses Balliu S.L. es un pequeño negocio familiar fundado en abril de 1996 por Salvador Balliu y Miquel Balliu; donde su interés por el mundo del transporte se inició gracias a sus padres: Salvador Balliu y Matilda Torroella, que compraron el primer taxi hace más de 60 años. De ahí sus hijos pudieron [&hellip;]
